alse
Is 477142493 a composite number?
False
Is 11700871307 composite?
False
Is 63409457797 a prime number?
False
Is 2394947561 composite?
False
Is 505805843 prime?
True
Is 24022223629 a composite number?
False
Is 480956257 composite?
False
Is 4673557969 a composite number?
True
Is 82580977 a composite number?
True
Is 44121485129 a composite number?
False
Is 43672410853 a composite number?
False
Is 5653511117 composite?
False
Is 248283683929 composite?
False
Is 364762403 a prime number?
True
Is 7326698269 prime?
False
Is 17355456851 composite?
True
Is 51562776631 prime?
False
Is 63346359491 composite?
False
Is 1976006189 prime?
True
Is 55067117107 prime?
False
Is 45855961003 prime?
False
Is 4813688405 composite?
True
Is 155399749 a composite number?
False
Is 9122947851 prime?
False
Is 58800297761 composite?
False
Is 400685135 a composite number?
True
Is 2100721673 composite?
False
Is 3584528159 composite?
True
Is 323808377 prime?
False
Is 6925056569 composite?
False
Is 652278317 a composite number?
False
Is 665056993 a prime number?
True
Is 111526039 a composite number?
True
Is 41466150589 a composite number?
False
Is 179131246381 prime?
False
Is 20945738561 a composite number?
True
Is 158210879 prime?
True
Is 8894264081 a prime number?
True
Is 17152061 a prime number?
True
Is 7050225289 composite?
False
Is 149289649 prime?
True
Is 724285621 a prime number?
True
Is 99682268993 prime?
True
Is 7023376109 a composite number?
True
Is 30682896193 a prime number?
True
Is 119610607939 composite?
True
Is 243431237 composite?
True
Is 628840343 a composite number?
False
Is 1111033543 prime?
False
Is 747116507 a prime number?
True
Is 16070958083 composite?
True
Is 1970725271 a prime number?
False
Is 3767118533 a composite number?
False
Is 2676269161 composite?
True
Is 24143126971 a composite number?
False
Is 22867777357 a composite number?
False
Is 573561617 prime?
True
Is 150801653933 composite?
True
Is 550776899 composite?
False
Is 11005471003 composite?
False
Is 40766053171 composite?
False
Is 410026673 a prime number?
False
Is 6651493463 prime?
True
Is 16462862578 prime?
False
Is 15682374607 a composite number?
False
Is 15647998367 a composite number?
False
Is 47883559 prime?
False
Is 707231009 a composite number?
True
Is 23513052403 prime?
False
Is 7393896847 a composite number?
False
Is 43810389967 a prime number?
False
Is 82831951 composite?
True
Is 17905138289 a composite number?
False
Is 139270343 a prime number?
True
Is 22576686131 a composite number?
True
Is 65590065493 composite?
False
Is 3741046319 prime?
True
Is 9621641 a composite number?
False
Is 444563081 a prime number?
False
Is 14908766563 composite?
False
Is 4289684401 prime?
False
Is 16439003257 prime?
True
Is 142046507081 composite?
False
Is 1567672861 a composite number?
True
Is 5677123703 a prime number?
False
Is 5711793121 composite?
True
Is 126531079 a prime number?
True
Is 922217447 composite?
True
Is 1319253137 a prime number?
True
Is 631327241 a prime number?
True
Is 21893493941 a prime number?
False
Is 1496860303 a composite number?
True
Is 585721481 a prime number?
True
Is 24769107681 prime?
False
Is 719954903 a composite number?
False
Is 23520351667 composite?
True
Is 4560075167 composite?
False
Is 93725719 a prime number?
False
Is 30855733 composite?
False
Is 203646017 a prime number?
False
Is 83238088711 a prime number?
False
Is 642099199 composite?
True
Is 567244301 a prime number?
False
Is 15975855847 prime?
False
Is 1621578493 prime?
True
Is 299203733 a prime number?
False
Is 2364995693 a composite number?
False
Is 79900621 prime?
True
Is 745901519 a composite number?
True
Is 9081435967 a prime number?
True
Is 53243917 prime?
True
Is 5277472719 a composite number?
True
Is 873373003 a composite number?
False
Is 67136027059 a prime number?
True
Is 1029696973 a prime number?
True
Is 9224303999 composite?
False
Is 174573823 a composite number?
True
Is 436544039 prime?
False
Is 6227117737 composite?
False
Is 980006129 prime?
True
Is 3822182921 prime?
False
Is 1002962567 composite?
False
Is 130500119 prime?
False
Is 543452509 prime?
True
Is 30879463099 a prime number?
True
Is 550210123 prime?
False
Is 342514763 composite?
False
Is 9181768133 composite?
True
Is 12365032181 composite?
False
Is 634195073 prime?
True
Is 125848171 prime?
False
Is 2464473043 a composite number?
True
Is 35036066683 composite?
True
Is 31554552383 prime?
False
Is 10878165911 composite?
False
Is 2347058969 prime?
True
Is 585366923 a composite number?
False
Is 779072153 a composite number?
True
Is 27897951409 composite?
True
Is 256543003 a prime number?
False
Is 13041240035 prime?
False
Is 12013678135 composite?
True
Is 1619772733 a prime number?
False
Is 1180565069 prime?
True
Is 122205467 a composite number?
True
Is 922545727 a prime number?
True
Is 19219482935 prime?
False
Is 18978473927 prime?
False
Is 1208470259 prime?
True
Is 24823055401 a composite number?
False
Is 97213161985 a prime number?
False
Is 3062569151 a prime number?
True
Is 45210382597 prime?
True
Is 492037019 composite?
True
Is 1069678937 a composite number?
True
Is 4734478943 composite?
True
Is 199018097 a prime number?
False
Is 26572420983 composite?
True
Is 4230747239 a composite number?
False
Is 2156821927 a prime number?
False
Is 1769624711 prime?
False
Is 695147669 composite?
True
Is 63389831423 a composite number?
True
Is 33468988373 prime?
True
Is 47024141 a composite number?
False
Is 66277052177 prime?
False
Is 1913292991 prime?
True
Is 3798781 a prime number?
False
Is 31850651297 composite?
False
Is 1527644201 a prime number?
False
Is 3705028814 a composite number?
True
Is 111634729 a prime number?
False
Is 106540432918 prime?
False
Is 1588309333 composite?
True
Is 86607853 a prime number?
False
Is 2912734471 a prime number?
True
Is 47477799137 composite?
True
Is 11510516899 a prime number?
False
Is 76346057 prime?
False
Is 70015921891 prime?
False
Is 14237520497 a prime number?
False
Is 1202396449 a prime number?
True
Is 242287807 a prime number?
False
Is 16310691641 a composite number?
False
Is 914103803 prime?
False
Is 3948463861 composite?
True
Is 164735911 a composite number?
False
Is 44879131477 a composite number?
False
Is 197277887 composite?
True
Is 34909481 composite?
True
Is 11107274231 composite?
False
Is 5820710117 a prime number?
False
Is 245924681 composite?
True
Is 734525203 a composite number?
True
Is 782845079 a prime number?
True
Is 31700687443 a prime number?
False
Is 178416720419 a composite number?
True
Is 68443433 prime?
False
Is 2713965517 prime?
False
Is 15041788231 composite?
False
Is 8802931051 prime?
True
Is 16786409 composite?
False
Is 8489530799 composite?
False
Is 41895114473 a composite number?
False
Is 1959522941 a prime number?
False
Is 68217067 a prime number?
False
Is 33273719239 prime?
False
Is 641395253 composite?
False
Is 17254804795 prime?
False
Is 2189347243 a prime number?
True
Is 31651905959 a prime number?
True
Is 1297025111 a composite number?
False
Is 177959777 prime?
True
Is 102538201621 composite?
True
Is 548668385 prime?
False
Is 110725649 a prime number?
False
Is 23769887341 a composite number?
True
Is 9122612069 composite?
False
Is 610314401 a prime number?
True
Is 4812239297 prime?
False
Is 568505029 a composite number?
False
Is 3608746289 a prime number?
True
Is 4255247699 prime?
False
Is 2598991819 prime?
True
Is 245025351955 a prime number?
False
Is 24466362829 a composite number?
True
Is 99089401 a prime number?
True
Is 37731423911 prime?
False
Is 155325654023 prime?
True
Is 16419449401 a prime number?
True
Is 2589705157 prime?
False
Is 1157824847 a prime number?
True
Is 1437153643 a composite number?
True
Is 10695592714 a composite number?
True
Is 23853079357 a composite number?
False
Is 133380733831 a composite number?
False
Is 3998251711 a composite number?
True
Is 11761303913 a composite number?
True
Is 3344344513 prime?
False
Is 9899354611 composite?
False
Is 65647445873 composite?
False
Is 16835434831 a prime number?
True
Is 2458355387 a composite number?
True
Is 73094222 composite?
True
Is 297467359 a composite number?
True
Is 577142183 a prime number?
False
Is 7121869309 a prime number?
True
Is 3254395439 composite?
True
Is 2430534479 composite?
False
Is 